 be (-10)/(-30) + 34/6. Let j(l) = -13*l**2 - n - 5 - 13*l + 2 - l**3. What is j(-12)?
3
Suppose 0 = -y + 2*a + 7, 16*a = -5*y + 17*a - 19. Let i(s) = s**3 + 4*s**2 - 9*s - 14. Determine i(y).
6
Let r = 441 - 438. Let s(v) = 0*v**2 + v**2 + 3 - v - 4*v. Determine s(r).
-3
Let f(a) = -9*a + 81. Let v be (-20 + -22 - -44)/(24/(-14) + 2). Give f(v).
18
Let u(i) = i**3 + 20*i**2 + 47*i - 58. Let r be u(-17). Let l(j) = 40*j - 406. Let n be l(r). Let d(p) = -9*p - 6. What is d(n)?
48
Let q(f) = -f - 44. Let m(p) = 3*p + 177. Let w(a) = -2*m(a) - 9*q(a). Let o be w(-14). Let k(r) = -r + 2*r + r**2 + 2 - 5*r + o. Give k(4).
2
Let q(p) = 2*p**2 + 5*p. Let h(b) = 7*b**2 - 7*b + 3. Let y(d) = -h(d) + q(d). What is y(2)?
1
Let j(t) = -2*t**3 + 6*t**2 + 3*t + 6. Suppose 12*w = 360*w + 177*w - 3150. Determine j(w).
-192
Let p(t) be the third derivative of t**5/60 + t**4/24 - 29*t**3/6 - 733*t**2. Give p(4).
-9
Let s(h) = h**3 - 8*h**2 + 3*h + 6. Suppose 4*f + 201 = 3*u, 290 = 9*u - 5*u + 2*f. Suppose 65 - u = -3*n + 5*j, -5*j = n - 22. What is s(n)?
-22
Let r(i) be the second derivative of -1/12*i**4 - i - i**2 + 21 - 5/3*i**3. Calculate r(-9).
7
Let v(s) = -4*s**2 + 3*s**2 + 8 + 285175*s - 285171*s. What is v(-4)?
-24
Let y(t) be the first derivative of -t**3/3 - 11*t**2 + 26*t + 69. Calculate y(-23).
3
Let c = 49 - 43. Suppose c*q = -0*q. Let x(z) = 1 + 4*z + 5*z + q - z. Determine x(1).
9
Suppose 0 = -w + 5*b - 8*b, -4*b = -2*w + 50. Let h(l) = -l**2 + 21*l - 28. Give h(w).
62
Suppose 5*z + 8*q = 6*q + 37, 4*z - 2*q = 44. Let u(n) = n**3 - 10*n**2 + 7*n + 21. Determine u(z).
3
Let s(p) = -p**2 + p. Let c be (2/(-3))/(8/(-12)). Let i(z) = z**3 + z - 1. Let l(v) = c*i(v) - 2*s(v). Let y be (1/3)/(3/(-18)). Determine l(y).
1
Let d = 9807 - 9808. Let p(v) = -65*v**3 - 2*v**2 - v. What is p(d)?
64
Let t(l) = -34 - 8*l + 16 + 9*l + 15. Suppose -3*o + 12 = 3*z, 5*o - 3*o - 3*z - 8 = 0. Suppose -o*b + 4*g = b - 27, -3*b = -3*g - 15. Calculate t(b).
4
Let w(p) be the first derivative of -p**2 - 33 + 1/3*p**3 + 4*p. Let t = -4 + 7. Calculate w(t).
7
Let b(g) = -g**3 - 4*g**2 + 18*g - 9. Let n be b(2). Let v be -4*((-21)/(-6) + -4). Let m(l) = -l**2 + 0*l**v + 7 - 8. Give m(n).
-10
Let n(i) be the second derivative of 5*i**4/12 + 17*i**3/3 - 5*i**2/2 - 1766*i. Determine n(-7).
2
Let z(u) = 13*u - 7. Let a(h) = 11*h - 6. Let f(m) = -6*a(m) + 5*z(m). Let v(y) = y**2 - 3*y - 98. Let t be v(12). Calculate f(t).
-9
Let a = -616 - -622. Let r(w) = w**3 - 8*w**2 + 13*w - 3. Calculate r(a).
3
Let v be ((-39)/52*-2)/((-2)/((-8)/(-3))). Let h(t) = -13*t**2 - 4*t + 1. Give h(v).
-43
Let l(y) = 4 - 9*y**3 - 5 + 2*y - 4*y. Suppose -24*s = 1171 + 221. Let m = s + 57. Calculate l(m).
10
Let t(b) = 5*b - b**3 - 16*b + 48 - 34 - 5*b - 20*b**2 - 3*b. Determine t(-19).
14
Suppose m - 7*u = -11*u - 13, m + 2*u = -7. Let d = -6 - -9. Let h(v) = -6*v**3 + 0*v**3 - 2*v**3 - 2 - v**2 + d. Give h(m).
8
Let y(r) = -2*r**2 + 12*r + 4. Let l be y(6). Let b be l - (-11 + 3)*-1. Let s(u) = -u**2 + 4. Give s(b).
-12
Let v be (144/40 + -3)/((-5)/(-125)*1). Let u(s) = -s**2 + 17*s - 19. Give u(v).
11
Let t(q) = q**2 + 6*q + 4. Let x = 840 - 863. Let y be (0 - -1)*-30 + 3. Let l = y - x. What is t(l)?
-4
Let u(l) = -l**3 - 12*l**2 + 63*l + 19. Let x be u(-17). Let v = 391 - x. Let t(y) = -y**3 - 3*y - 2. Calculate t(v).
12
Let v(j) = -42 - 25 - j + 77. Suppose 0 = 4*d - 5*f + 52, -3*f + 12 = -2*d - 4*f. Determine v(d).
18
Suppose -11*o + 52 = -24*o. Let d(v) be the third derivative of v**6/120 + v**5/20 - v**4/8 + 5*v**3/6 + 3*v**2 - 27. Calculate d(o).
1
Suppose -4*b - 4 = -6*b. Suppose -5*f - 5*o = -50 + 45, o - 9 = -5*f. Let n(k) = 3*k**2 - 9*k**3 + b*k + k**2 + 0*k**f + 10*k**3 + 2. Calculate n(-4).
-6
Let l = 94 - 92. Suppose -l*c = -7*c + 5. Let d(u) = 8*u**3 + 2*u**2 - 2*u + 1. Calculate d(c).
9
Let k(v) = -v**2 + 4*v + 12. Suppose 4*s + 7*r - 31 = 6*r, r - 1 = s. What is k(s)?
0
Let m(n) = 18*n - 81. Let d be m(9). Let w(l) = 16*l**2 - 16*l - 71 + 227 - 68 - l**3 - d. Give w(15).
-8
Let v(x) = -x**2 - 7*x - 2. Suppose 6*y + 10 - 52 = 0. Let l(n) = n**3 - 7*n**2 - n. Let i be l(y). Determine v(i).
-2
Let q be 5/(-7) - (144/14 - 10). Let l(y) = 44*y + 42. Determine l(q).
-2
Let c(t) = t**3 - 8*t**2 - 8*t - 5. Let u be c(9). Suppose -u*b + 4*o - 1 + 17 = 0, -2*b + 4 = -4*o. Let j(a) = 21 + a + 6*a**2 - a**3 + 9 - 29. Give j(b).
7
Let z(v) = 4 + 5 + 524*v**2 - 523*v**2 - 13 + 0*v - 7*v. Let q(y) = -y**3 + 9*y**2 + 10*y - 2. Let m be q(10). Let s = 9 + m. What is z(s)?
-4
Let w(v) = -26*v - 126. Let d(y) = 2*y**3 + 50*y**2 + 113*y + 478. Let t be d(-23). What is w(t)?
4
Let x(y) be the second derivative of y**4/4 - 4*y**3/3 + 5*y**2/2 - 2*y - 7. What is x(4)?
21
Let k be 42*24/144 - (2 - (-5 + 1)). Let j(x) = -42*x**3 - x**2 + 3*x - 1. What is j(k)?
-41
Let k(w) = w + 8. Let d be 6 + 3707/(-19) + (-6)/(-57). Let z = 183 + d. Calculate k(z).
2
Let j = 15 + -25. Let l(h) = 74*h - 784. Let i(m) = -12*m + 126. Let o(s) = -31*i(s) - 5*l(s). Determine o(j).
-6
Let j(k) = -k**2 - 10*k + 1. Let i = 2063 - 2076. Determine j(i).
-38
Let b(x) = 9*x**2 - 18*x - 40. Let u(i) = -11*i**2 + 19*i + 40. Let j(v) = -6*b(v) - 5*u(v). Give j(-5).
0
Let g(h) = -h**2 + 11*h - 26. Let s = 800 - 795. Suppose -5*y = 38*z - 42*z + 39, 3*y - 21 = -s*z. Determine g(z).
4
Let u(a) = 7*a - 211. Suppose 0*g - 3*j = -g + 43, -3*j - 167 = -5*g. What is u(g)?
6
Let h(g) = -g + 11. Suppose 1 - 136 = -9*x. Let u be (14/105)/(-1) - (-197)/x. Give h(u).
-2
Let f be ((-30)/(-4) - (-15 - -12))*2. Suppose -3*l - f + 111 = 4*i, l - 4*i - 30 = 0. Let m = -28 + l. Let s(w) = -w. Calculate s(m).
-2
Let n(k) be the third derivative of -1/120*k**6 + 5/6*k**3 + 0*k + 185*k**2 + 1/12*k**5 - 1/24*k**4 + 0. Give n(4).
17
Let w(j) be the first derivative of 1/2*j**2 + 16*j + 94. Give w(-11).
5
Let a(x) = -2*x**3 - 13*x**2 + 4*x + 52. Let g be a(-6). Let l(n) = n - 5. What is l(g)?
-13
Let b = 7905 + -7899. Let i(q) = -11*q + 75. Determine i(b).
9
Let g be 15/((-60)/(-88)) + -8. Suppose -11 - 31 = -g*s. Let l(k) = -3*k - 1. Calculate l(s).
-10
Let n(i) be the second derivative of -5*i**3/2 - 8*i**2 - 10*i - 63. Determine n(-1).
-1
Let f(a) = -a**3 - 11*a**2 - 10*a - 10. Let i(v) = 5*v. Suppose 130 = -21*u + 22*u. Let r = 128 - u. Let y be i(r). Determine f(y).
-10
Let p(z) = -10*z + 124. Let l = 7154 + -7141. What is p(l)?
-6
Let t(h) = h**3 + h**2 - 12*h + 10. Let j = 4015 + -4012. Give t(j).
10
Let d(x) be the first derivative of -4*x**3 + 104 - 1/4*x**4 + 6*x + 15/2*x**2. Determine d(-13).
-20
Let y be (1/(-1))/(1/(-11)). Suppose f - y = 2*f. Let q(b) be the first derivative of -b**2/2 - 9*b + 6987. Calculate q(f).
2
Let o be (0 + 1 + -3)*(-12)/12. Let m be (14/(-6) - 16/24) + o. Let q(t) = 3*t**3 - 2*t**2 - 2*t - 1. Give q(m).
-4
Let b(c) = -c**3 - 7*c**2 + 3*c + 15. Let m be b(-7). Let u(s) = -3*s**2 + 8*s - 14. Let i(x) = -x**2 + 4*x - 7. Let h(k) = -5*i(k) + 2*u(k). What is h(m)?
-5
Let k(s) = -138*s + 1812. Let l be k(13). Let f(v) = v**2 - 17*v - 31. Calculate f(l).
-13
Suppose -12 = -4*g - 2*o, -4*g + 2*g - 4*o - 6 = 0. Let u(c) = 4*c**2 - 2. Let h be u(-1). Let y(v) = -2*v - h*v + 4 - 2*v + 4*v. Give y(g).
-6
Let f(b) be the first derivative of -b**2 + b - 1/3*b**3 + 1. Let t be (-3)/18*(4 + -18)*(-12)/(-28). What is f(t)?
-2
Let m(h) = h**2 - 4*h. Suppose 5*r = -5*d - 11 + 6, -3*r + 5*d = -29. Suppose x + r = 58. Let w = x + -51. Determine m(w).
0
Let q(y) be the second derivative of y**5/10 - 5*y**4/4 - 3*y**3/2 + 11*y**2/2 + 892*y. What is q(8)?
3
Let f be 2/(5/(15/2)). Suppose 0*n - 18 = f*n. Let c(u) = 2*u + 11. Let d(a) = -a - 6. Let y(v) = 4*c(v) + 7*d(v). Determine y(n).
-4
Let v(g) = -3*g**2 - 78*g + 93. Let m be (6*1)/(206/(-927)). Give v(m).
12
Suppose -50*p - 221 = -21. Let h(k) = -k**3 - k**2 + 5*k - 2. Determine h(p).
26
Let w(g) be the first derivative of -13*g**2/2 - 4*g - 189. Give w(-3).
35
Let t(w) = -50*w - 45 - 2*w**2 + 0*w**2 - 22 + 116 - 51. Determine t(-25).
-2
Let h(q) = q**3 - 15*q**2 - 18*q + 18. Let a be -11 + 34 + -16 - -9. Give h(a).
-14
Let u be (102/8)/(-10*15/(-11400)). Let j = u + -974. Let h(d) = 5*d - 7. Calculate h(j).
-32
Let m(h) = h + 4. Let r = -157 - -92. Let f = r + 57. Let w = 2 + f. Give